{"version":"1.0","provider_name":"Una y Mil Letras","provider_url":"https:\/\/unaymilletras.com\/en","author_name":"Maria Gil Robledo","author_url":"https:\/\/unaymilletras.com\/en\/author\/mariiagiil02_\/","title":"Artistas para La Velada del A\u00f1o III &#8902; Una y Mil Letras","type":"rich","width":600,"height":338,"html":"<blockquote class=\"wp-embedded-content\" data-secret=\"LKT6RHM7zD\"><a href=\"https:\/\/unaymilletras.com\/en\/artistas-para-la-velada-del-ano-iii\/\">Artistas para La Velada del A\u00f1o III<\/a><\/blockquote><iframe sandbox=\"allow-scripts\" security=\"restricted\" src=\"https:\/\/unaymilletras.com\/en\/artistas-para-la-velada-del-ano-iii\/embed\/#?secret=LKT6RHM7zD\" width=\"600\" height=\"338\" title=\"&#8220;Artistas para La Velada del A\u00f1o III&#8221; &#8212; Una y Mil Letras\" data-secret=\"LKT6RHM7zD\" frameborder=\"0\" marginwidth=\"0\" marginheight=\"0\" scrolling=\"no\" class=\"wp-embedded-content\"><\/iframe><script type=\"text\/javascript\">\n\/* <![CDATA[ *\/\n\/*! This file is auto-generated *\/\n!function(d,l){\"use strict\";l.querySelector&&d.addEventListener&&\"undefined\"!=typeof URL&&(d.wp=d.wp||{},d.wp.receiveEmbedMessage||(d.wp.receiveEmbedMessage=function(e){var t=e.data;if((t||t.secret||t.message||t.value)&&!\/[^a-zA-Z0-9]\/.test(t.secret)){for(var s,r,n,a=l.querySelectorAll('iframe[data-secret=\"'+t.secret+'\"]'),o=l.querySelectorAll('blockquote[data-secret=\"'+t.secret+'\"]'),c=new RegExp(\"^https?:$\",\"i\"),i=0;i<o.length;i++)o[i].style.display=\"none\";for(i=0;i<a.length;i++)s=a[i],e.source===s.contentWindow&&(s.removeAttribute(\"style\"),\"height\"===t.message?(1e3<(r=parseInt(t.value,10))?r=1e3:~~r<200&&(r=200),s.height=r):\"link\"===t.message&&(r=new URL(s.getAttribute(\"src\")),n=new URL(t.value),c.test(n.protocol))&&n.host===r.host&&l.activeElement===s&&(d.top.location.href=t.value))}},d.addEventListener(\"message\",d.wp.receiveEmbedMessage,!1),l.addEventListener(\"DOMContentLoaded\",function(){for(var e,t,s=l.querySelectorAll(\"iframe.wp-embedded-content\"),r=0;r<s.length;r++)(t=(e=s[r]).getAttribute(\"data-secret\"))||(t=Math.random().toString(36).substring(2,12),e.src+=\"#?secret=\"+t,e.setAttribute(\"data-secret\",t)),e.contentWindow.postMessage({message:\"ready\",secret:t},\"*\")},!1)))}(window,document);\n\/\/# sourceURL=https:\/\/unaymilletras.com\/wp-includes\/js\/wp-embed.min.js\n\/* ]]> *\/\n<\/script>","thumbnail_url":"https:\/\/unaymilletras.com\/wp-content\/uploads\/2023\/05\/artistas.jpeg","thumbnail_width":1244,"thumbnail_height":1600,"description":"Quevedo Rosario Flores, Mar\u00eda Becerra, Estopa, Feid y Ozuna ser\u00e1n los artistas que actuar\u00e1n en La Velada del A\u00f1o Ibai Llanos\u00a0ha conseguido reunir a algunos de los artistas m\u00e1s importantes del panorama actual. Hoy, ha hecho un directo acompa\u00f1ado de\u00a0Gerard Piqu\u00e9\u00a0en su canal de\u00a0Twitch\u00a0para anunciar cu\u00e1les ser\u00e1n los artistas que actuar\u00e1n en La Velada del [&hellip;]"}

Artistas para La Velada del Año III &#8902; Una y Mil Letras

<blockquote class="wp-embedded-content" data-secret="LKT6RHM7zD"><a href="https://unaymilletras.com/en/artistas-para-la-velada-del-ano-iii/">Artistas para La Velada del Año III</a></blockquote><iframe sandbox="allow-scripts" security="restricted" src="https://unaymilletras.com/en/artistas-para-la-velada-del-ano-iii/embed/#?secret=LKT6RHM7zD" width="600" height="338" title="&#8220;Artistas para La Velada del Año III&#8221; &#8212; Una y Mil Letras" data-secret="LKT6RHM7zD" frameborder="0" marginwidth="0" marginheight="0" scrolling="no" class="wp-embedded-content"></iframe><script type="text/javascript">
/* <![CDATA[ */
/*! This file is auto-generated */
!function(d,l){"use strict";l.querySelector&&d.addEventListener&&"undefined"!=typeof URL&&(d.wp=d.wp||{},d.wp.receiveEmbedMessage||(d.wp.receiveEmbedMessage=function(e){var t=e.data;if((t||t.secret||t.message||t.value)&&!/[^a-zA-Z0-9]/.test(t.secret)){for(var s,r,n,a=l.querySelectorAll('iframe[data-secret="'+t.secret+'"]'),o=l.querySelectorAll('blockquote[data-secret="'+t.secret+'"]'),c=new RegExp("^https?:$","i"),i=0;i<o.length;i++)o[i].style.display="none";for(i=0;i<a.length;i++)s=a[i],e.source===s.contentWindow&&(s.removeAttribute("style"),"height"===t.message?(1e3<(r=parseInt(t.value,10))?r=1e3:~~r<200&&(r=200),s.height=r):"link"===t.message&&(r=new URL(s.getAttribute("src")),n=new URL(t.value),c.test(n.protocol))&&n.host===r.host&&l.activeElement===s&&(d.top.location.href=t.value))}},d.addEventListener("message",d.wp.receiveEmbedMessage,!1),l.addEventListener("DOMContentLoaded",function(){for(var e,t,s=l.querySelectorAll("iframe.wp-embedded-content"),r=0;r<s.length;r++)(t=(e=s[r]).getAttribute("data-secret"))||(t=Math.random().toString(36).substring(2,12),e.src+="#?secret="+t,e.setAttribute("data-secret",t)),e.contentWindow.postMessage({message:"ready",secret:t},"*")},!1)))}(window,document);
//# sourceURL=https://unaymilletras.com/wp-includes/js/wp-embed.min.js
/* ]]> */
</script>

Quevedo Rosario Flores, María Becerra, Estopa, Feid y Ozuna serán los artistas que actuarán en La Velada del Año Ibai Llanos ha conseguido reunir a algunos de los artistas más importantes del panorama actual. Hoy, ha hecho un directo acompañado de Gerard Piqué en su canal de Twitch para anunciar cuáles serán los artistas que actuarán en La Velada del [&hellip;]
