{"version":"1.0","provider_name":"Una y Mil Letras","provider_url":"https:\/\/unaymilletras.com\/en","author_name":"Maria Gil Robledo","author_url":"https:\/\/unaymilletras.com\/en\/author\/mariiagiil02_\/","title":"\"Laguna\", el \u00faltimo adelanto del disco de Rouss &#8902; Una y Mil Letras","type":"rich","width":600,"height":338,"html":"<blockquote class=\"wp-embedded-content\" data-secret=\"X2HDFmdG5d\"><a href=\"https:\/\/unaymilletras.com\/en\/laguna-el-ultimo-adelanto-del-disco-de-rouss\/\">\u00abLaguna\u00bb, el \u00faltimo adelanto del disco de Rouss<\/a><\/blockquote><iframe sandbox=\"allow-scripts\" security=\"restricted\" src=\"https:\/\/unaymilletras.com\/en\/laguna-el-ultimo-adelanto-del-disco-de-rouss\/embed\/#?secret=X2HDFmdG5d\" width=\"600\" height=\"338\" title=\"&#8220;\u00abLaguna\u00bb, el \u00faltimo adelanto del disco de Rouss&#8221; &#8212; Una y Mil Letras\" data-secret=\"X2HDFmdG5d\" frameborder=\"0\" marginwidth=\"0\" marginheight=\"0\" scrolling=\"no\" class=\"wp-embedded-content\"><\/iframe><script type=\"text\/javascript\">\n\/* <![CDATA[ *\/\n\/*! This file is auto-generated *\/\n!function(d,l){\"use strict\";l.querySelector&&d.addEventListener&&\"undefined\"!=typeof URL&&(d.wp=d.wp||{},d.wp.receiveEmbedMessage||(d.wp.receiveEmbedMessage=function(e){var t=e.data;if((t||t.secret||t.message||t.value)&&!\/[^a-zA-Z0-9]\/.test(t.secret)){for(var s,r,n,a=l.querySelectorAll('iframe[data-secret=\"'+t.secret+'\"]'),o=l.querySelectorAll('blockquote[data-secret=\"'+t.secret+'\"]'),c=new RegExp(\"^https?:$\",\"i\"),i=0;i<o.length;i++)o[i].style.display=\"none\";for(i=0;i<a.length;i++)s=a[i],e.source===s.contentWindow&&(s.removeAttribute(\"style\"),\"height\"===t.message?(1e3<(r=parseInt(t.value,10))?r=1e3:~~r<200&&(r=200),s.height=r):\"link\"===t.message&&(r=new URL(s.getAttribute(\"src\")),n=new URL(t.value),c.test(n.protocol))&&n.host===r.host&&l.activeElement===s&&(d.top.location.href=t.value))}},d.addEventListener(\"message\",d.wp.receiveEmbedMessage,!1),l.addEventListener(\"DOMContentLoaded\",function(){for(var e,t,s=l.querySelectorAll(\"iframe.wp-embedded-content\"),r=0;r<s.length;r++)(t=(e=s[r]).getAttribute(\"data-secret\"))||(t=Math.random().toString(36).substring(2,12),e.src+=\"#?secret=\"+t,e.setAttribute(\"data-secret\",t)),e.contentWindow.postMessage({message:\"ready\",secret:t},\"*\")},!1)))}(window,document);\n\/\/# sourceURL=https:\/\/unaymilletras.com\/wp-includes\/js\/wp-embed.min.js\n\/* ]]> *\/\n<\/script>","thumbnail_url":"https:\/\/unaymilletras.com\/wp-content\/uploads\/2023\/03\/pablo-rouss.jpeg","thumbnail_width":2048,"thumbnail_height":2048,"description":"El 22 de marzo a las 21h se estrenar\u00e1 la colaboraci\u00f3n de Pablo Rouss junto a Leo Rizzi para su disco \u00abCiclos\u00ab Ma\u00f1ana ver\u00e1 la luz Laguna, una de las canciones incluidas en Ciclos, el primer disco de Rouss. La canci\u00f3n que comparte con Leo Rizzi ser\u00e1 el \u00faltimo adelanto que el cantante y productor [&hellip;]"}

"Laguna", el último adelanto del disco de Rouss &#8902; Una y Mil Letras

<blockquote class="wp-embedded-content" data-secret="X2HDFmdG5d"><a href="https://unaymilletras.com/en/laguna-el-ultimo-adelanto-del-disco-de-rouss/">«Laguna», el último adelanto del disco de Rouss</a></blockquote><iframe sandbox="allow-scripts" security="restricted" src="https://unaymilletras.com/en/laguna-el-ultimo-adelanto-del-disco-de-rouss/embed/#?secret=X2HDFmdG5d" width="600" height="338" title="&#8220;«Laguna», el último adelanto del disco de Rouss&#8221; &#8212; Una y Mil Letras" data-secret="X2HDFmdG5d" frameborder="0" marginwidth="0" marginheight="0" scrolling="no" class="wp-embedded-content"></iframe><script type="text/javascript">
/* <![CDATA[ */
/*! This file is auto-generated */
!function(d,l){"use strict";l.querySelector&&d.addEventListener&&"undefined"!=typeof URL&&(d.wp=d.wp||{},d.wp.receiveEmbedMessage||(d.wp.receiveEmbedMessage=function(e){var t=e.data;if((t||t.secret||t.message||t.value)&&!/[^a-zA-Z0-9]/.test(t.secret)){for(var s,r,n,a=l.querySelectorAll('iframe[data-secret="'+t.secret+'"]'),o=l.querySelectorAll('blockquote[data-secret="'+t.secret+'"]'),c=new RegExp("^https?:$","i"),i=0;i<o.length;i++)o[i].style.display="none";for(i=0;i<a.length;i++)s=a[i],e.source===s.contentWindow&&(s.removeAttribute("style"),"height"===t.message?(1e3<(r=parseInt(t.value,10))?r=1e3:~~r<200&&(r=200),s.height=r):"link"===t.message&&(r=new URL(s.getAttribute("src")),n=new URL(t.value),c.test(n.protocol))&&n.host===r.host&&l.activeElement===s&&(d.top.location.href=t.value))}},d.addEventListener("message",d.wp.receiveEmbedMessage,!1),l.addEventListener("DOMContentLoaded",function(){for(var e,t,s=l.querySelectorAll("iframe.wp-embedded-content"),r=0;r<s.length;r++)(t=(e=s[r]).getAttribute("data-secret"))||(t=Math.random().toString(36).substring(2,12),e.src+="#?secret="+t,e.setAttribute("data-secret",t)),e.contentWindow.postMessage({message:"ready",secret:t},"*")},!1)))}(window,document);
//# sourceURL=https://unaymilletras.com/wp-includes/js/wp-embed.min.js
/* ]]> */
</script>

El 22 de marzo a las 21h se estrenará la colaboración de Pablo Rouss junto a Leo Rizzi para su disco «Ciclos« Mañana verá la luz Laguna, una de las canciones incluidas en Ciclos, el primer disco de Rouss. La canción que comparte con Leo Rizzi será el último adelanto que el cantante y productor [&hellip;]
