{"version":"1.0","provider_name":"Una y Mil Letras","provider_url":"https:\/\/unaymilletras.com\/en","author_name":"Maria Gil Robledo","author_url":"https:\/\/unaymilletras.com\/en\/author\/mariiagiil02_\/","title":"Pablo Rouss en la Riviera, 26 de abril &#8902; Una y Mil Letras","type":"rich","width":600,"height":338,"html":"<blockquote class=\"wp-embedded-content\" data-secret=\"g60u6GsLgi\"><a href=\"https:\/\/unaymilletras.com\/en\/pablo-rouss-en-la-riviera-26-de-abril\/\">Pablo Rouss en la Riviera, 26 de abril<\/a><\/blockquote><iframe sandbox=\"allow-scripts\" security=\"restricted\" src=\"https:\/\/unaymilletras.com\/en\/pablo-rouss-en-la-riviera-26-de-abril\/embed\/#?secret=g60u6GsLgi\" width=\"600\" height=\"338\" title=\"&#8220;Pablo Rouss en la Riviera, 26 de abril&#8221; &#8212; Una y Mil Letras\" data-secret=\"g60u6GsLgi\" frameborder=\"0\" marginwidth=\"0\" marginheight=\"0\" scrolling=\"no\" class=\"wp-embedded-content\"><\/iframe><script type=\"text\/javascript\">\n\/* <![CDATA[ *\/\n\/*! This file is auto-generated *\/\n!function(d,l){\"use strict\";l.querySelector&&d.addEventListener&&\"undefined\"!=typeof URL&&(d.wp=d.wp||{},d.wp.receiveEmbedMessage||(d.wp.receiveEmbedMessage=function(e){var t=e.data;if((t||t.secret||t.message||t.value)&&!\/[^a-zA-Z0-9]\/.test(t.secret)){for(var s,r,n,a=l.querySelectorAll('iframe[data-secret=\"'+t.secret+'\"]'),o=l.querySelectorAll('blockquote[data-secret=\"'+t.secret+'\"]'),c=new RegExp(\"^https?:$\",\"i\"),i=0;i<o.length;i++)o[i].style.display=\"none\";for(i=0;i<a.length;i++)s=a[i],e.source===s.contentWindow&&(s.removeAttribute(\"style\"),\"height\"===t.message?(1e3<(r=parseInt(t.value,10))?r=1e3:~~r<200&&(r=200),s.height=r):\"link\"===t.message&&(r=new URL(s.getAttribute(\"src\")),n=new URL(t.value),c.test(n.protocol))&&n.host===r.host&&l.activeElement===s&&(d.top.location.href=t.value))}},d.addEventListener(\"message\",d.wp.receiveEmbedMessage,!1),l.addEventListener(\"DOMContentLoaded\",function(){for(var e,t,s=l.querySelectorAll(\"iframe.wp-embedded-content\"),r=0;r<s.length;r++)(t=(e=s[r]).getAttribute(\"data-secret\"))||(t=Math.random().toString(36).substring(2,12),e.src+=\"#?secret=\"+t,e.setAttribute(\"data-secret\",t)),e.contentWindow.postMessage({message:\"ready\",secret:t},\"*\")},!1)))}(window,document);\n\/\/# sourceURL=https:\/\/unaymilletras.com\/wp-includes\/js\/wp-embed.min.js\n\/* ]]> *\/\n<\/script>","thumbnail_url":"https:\/\/unaymilletras.com\/wp-content\/uploads\/2023\/03\/fqeqoljwcaewh9z-e1679261648708.jpeg","thumbnail_width":600,"thumbnail_height":750,"description":"El artista y productor estrena \u00abCiclos\u00bb, su primer \u00e1lbum, en Madrid y contar\u00e1 con muchos artistas invitados El 26 de abril tendr\u00e1 lugar en La Riviera el concierto presentaci\u00f3n de Ciclos, el primer disco de Pablo Rouss. El evento contar\u00e1 con 19 invitados con los que colabora en su \u00e1lbum que acompa\u00f1ar\u00e1n al artista encima [&hellip;]"}

El artista y productor estrena «Ciclos», su primer álbum, en Madrid y contará con muchos artistas invitados El 26 de abril tendrá lugar en La Riviera el concierto presentación de Ciclos, el primer disco de Pablo Rouss. El evento contará con 19 invitados con los que colabora en su álbum que acompañarán al artista encima [&hellip;]
